f 43639?
9
What is the units digit of 2723?
3
What is the thousands digit of 82143?
2
What is the tens digit of 1046?
4
What is the units digit of 1004?
4
What is the tens digit of 1878?
7
What is the hundreds digit of 686?
6
What is the thousands digit of 41283?
1
What is the thousands digit of 43302?
3
What is the ten thousands digit of 68044?
6
What is the ten thousands digit of 11174?
1
What is the hundreds digit of 1708?
7
What is the tens digit of 51642?
4
What is the units digit of 2826?
6
What is the thousands digit of 1187?
1
What is the hundreds digit of 7276?
2
What is the tens digit of 1180?
8
What is the units digit of 13394?
4
What is the hundreds digit of 8044?
0
What is the units digit of 1237?
7
What is the hundreds digit of 47758?
7
What is the units digit of 27?
7
What is the tens digit of 9506?
0
What is the tens digit of 20726?
2
What is the units digit of 685?
5
What is the thousands digit of 85344?
5
What is the hundreds digit of 761?
7
What is the tens digit of 49414?
1
What is the thousands digit of 2900?
2
What is the hundreds digit of 446?
4
What is the hundreds digit of 796?
7
What is the tens digit of 7470?
7
What is the units digit of 19311?
1
What is the units digit of 1441?
1
What is the ten thousands digit of 27281?
2
What is the units digit of 516?
6
What is the ten thousands digit of 14509?
1
What is the tens digit of 2354?
5
What is the ten thousands digit of 48354?
4
What is the thousands digit of 19803?
9
What is the tens digit of 8887?
8
What is the tens digit of 938?
3
What is the hundreds digit of 819?
8
What is the hundreds digit of 2996?
9
What is the units digit of 58006?
6
What is the tens digit of 297?
9
What is the thousands digit of 32224?
2
What is the units digit of 17942?
2
What is the tens digit of 22606?
0
What is the units digit of 6597?
7
What is the units digit of 153611?
1
What is the hundreds digit of 25631?
6
What is the units digit of 2905?
5
What is the units digit of 1432?
2
What is the tens digit of 2039?
3
What is the units digit of 4086?
6
What is the units digit of 3259?
9
What is the thousands digit of 1334?
1
What is the hundreds digit of 2195?
1
What is the tens digit of 1405?
0
What is the units digit of 1031?
1
What is the units digit of 5049?
9
What is the tens digit of 11799?
9
What is the tens digit of 1616?
1
What is the tens digit of 9345?
4
What is the units digit of 2100?
0
What is the thousands digit of 2967?
2
What is the thousands digit of 9012?
9
What is the tens digit of 31676?
7
What is the tens digit of 11604?
0
What is the thousands digit of 2695?
2
What is the tens digit of 802?
0
What is the units digit of 7356?
6
What is the thousands digit of 45991?
5
What is the tens digit of 88835?
3
What is the hundred thousands digit of 100885?
1
What is the tens digit of 65716?
1
What is the units digit of 5583?
3
What is the hundreds digit of 2712?
7
What is the hundreds digit of 2317?
3
What is the hundreds digit of 3128?
1
What is the hundreds digit of 394?
3
What is the tens digit of 618?
1
What is the thousands digit of 10120?
0
What is the tens digit of 2154?
5
What is the tens digit of 5022?
2
What is the ten thousands digit of 15585?
1
What is the tens digit of 4620?
2
What is the tens digit of 629?
2
What is the hundreds digit of 2423?
4
What is the tens digit of 20515?
1
What is the units digit of 718?
8
What is the tens digit of 15181?
8
What is the tens digit of 2285?
8
What is the tens digit of 384?
8
What is the tens digit of 164047?
4
What is the ten thousands digit of 64947?
6
What is the units digit of 843?
3
What is the hundreds digit of 62533?
5
What is the ten thousands digit of 76869?
7
What is the hundreds digit of 4930?
9
What is the tens digit of 529?
2
What is the hundreds digit of 4991?
9
What is the hundreds digit of 672?
6
What is the thousands digit of 14701?
4
What is the tens digit of 1956?
5
What is the thousands digit of 61163?
1
What is the hundreds digit of 1616?
6
What is the hundreds digit of 3176?
1
What is the ten thousands digit of 16439?
1
What is the hundreds digit of 30612?
6
What is the units digit of 789?
9
What is the tens digit of 630?
3
What is the thousands digit of 15252?
5
What is the tens digit of 11844?
4
What is the units digit of 1999?
9
What is the units digit of 15289?
9
What is the tens digit of 20001?
0
What is the thousands digit of 24321?
4
What is the hundreds digit of 8295?
2
What is the hundreds digit of 2096?
0
What is the thousands digit of 1846?
1
What is the units digit of 13021?
1
What is the tens digit of 54072?
7
What is the hundreds digit of 398?
3
What is the hundreds digit of 1198?
1
What is the units digit of 38592?
2
What is the units digit of 1211?
1
What is the ten thousands digit of 131247?
3
What is the tens digit of 39487?
8
What is the tens digit of 77124?
2
What is the hundreds digit of 272?
2
What is the hundreds digit of 18792?
7
What is the units digit of 1832?
2
What is the ten thousands digit of 27487?
2
What is the tens digit of 7856?
5
What is the units digit of 3206?
6
What is the hundreds digit of 67291?
2
What is the tens digit of 605?
0
What is the units digit of 38418?
8
What is the thousands digit of 23652?
3
What is the units digit of 9279?
9
What is the hundreds digit of 338?
3
What is the ten thousands digit of 96786?
9
What is the units digit of 102?
2
What is the tens digit of 5775?
7
What is the units digit of 3262?
2
What is the thousands digit of 16080?
6
What is the tens digit of 56014?
1
What is the ten thousands digit of 74453?
7
What is the hundreds digit of 6045?
0
What is the tens digit of 2061?
6
What is the tens digit of 619?
1
What is the hundreds digit of 473?
4
What is the hundreds digit of 1034?
0
What is the units digit of 1101?
1
What is the tens digit of 2614?
1
What is the units digit of 4008?
8
What is the hundreds digit of 1044?
0
What is the units digit of 15?
5
What is the hundreds digit of 7662?
6
What is the units digit of 2386?
6
What is the hundreds digit of 164?
1
What is the hundreds digit of 103036?
0
What is the units digit of 1472?
2
What is the thousands digit of 26064?
6
What is the hundreds digit of 12379?
3
What is the hundreds digit of 38603?
6
What is the units digit of 151922?
2
What is the ten thousands digit of 36425?
3
What is the hundreds digit of 33556?
5
What is the tens digit of 139?
3
What is the tens digit of 3046?
4
What is the hundreds digit of 67261?
2
What is the units digit of 4412?
2
What is the thousands digit of 11949?
1
What is the hundreds digit of 2047?
0
What is the ten thousands digit of 30898?
3
What is the hundreds digit of 4547?
5
What is the hundreds digit of 71937?
9
What is the tens digit of 6992?
9
What is the tens digit of 27048?
4
What is the hundreds digit of 699?
6
What is the units digit of 38466?
6
What is the thousands digit of 7695?
7
What is the hundreds digit of 23417?
4
What is the thousands digit of 2946?
2
What is the thousands digit of 6663?
6
What is the thousands digit of 17177?
7
What is the thousands digit of 3493?
3
What is the tens digit of 564?
6
What is the hundreds digit of 22252?
2
What is the hundred thousands digit of 109364?
1
What is the hundreds digit of 932?
9
What is the units digit of 968?
8
What is the units digit of 966?
6
What is the tens digit of 11052?
5
What is the ten thousands digit of 27062?
2
What is the units digit of 7049?
9
What is the tens digit of 48080?
8
What is the tens digit of 2765?
6
What is the ten thousands digit of 75629?
7
What is the tens digit of 47270?
7
What is the ten thousands digit of 17370?
1
What is the hundreds digit of 44662?
6
What is the thousands digit of 3178?
3
What is the units digit of 371?
1
What is the hundreds digit of 3083?
0
What is the hundreds digit of 16289?
2
What is the units digit of 20460?
0
What is the tens digit of 610?
1
What is the tens digit of 16949?
4
What is the hundreds digit of 14902?
9
What is the hundreds digit of 3125?
1
What is the tens digit of 1273?
7
What is the tens digit of 1483?
8
What is the units digit of 29577?
7
What is the thousands digit of 3552?
3
What is the units digit of 33681?
1
What is the ten thousands digit of 20530?
2
What is the tens digit of 2351?
5
What is the hundreds digi